 = v**3 - 27*v**2 + 55*v - 129. Give m(25).
-4
Let s(c) = 4*c + 14. Determine s(-3).
2
Let k(g) = 34*g**2 - 3*g + 3. Determine k(-2).
145
Let o(t) = -t**2 + 13*t - 15. Calculate o(12).
-3
Let s(q) = -q**2 + 11*q. What is s(10)?
10
Let u(x) = -x**2 - 9*x - 20. Give u(-3).
-2
Let z(k) = -k**3 - k**2 + k. Calculate z(-2).
2
Let p(t) = -t**3 - 17*t**2 + 16*t - 18. Determine p(-18).
18
Let g(m) = m**2 - 8*m + 19. What is g(8)?
19
Let v(p) = -p**3 + 10*p**2 + 24*p - 4. Give v(12).
-4
Let i(c) = c**3 - 5*c**2 - c + 15. Determine i(4).
-5
Let y(v) = 15*v**3 + 4*v + 4. What is y(-1)?
-15
Let n(m) = m**2 + 18*m + 22. Determine n(-17).
5
Let v(c) = 3*c - 8. Give v(0).
-8
Let p(i) = -i**3 + i**2 + i - 3. Calculate p(3).
-18
Let p(j) = 8*j + 7. Calculate p(4).
39
Let m(a) = 3*a**2 - a - 2. Calculate m(-1).
2
Let a(x) = x**2 - x + 7. Give a(3).
13
Let q(a) = -8*a - 26. What is q(-3)?
-2
Let s(b) = 2*b - 14. Calculate s(5).
-4
Let u(b) = -20*b + 2. What is u(1)?
-18
Let q(z) = -z**2 + 11*z - 18. What is q(5)?
12
Let c(q) = -q**3 + 2*q**2 + q + 4. Calculate c(-3).
46
Let m(n) = n**2 + 93*n + 281. Calculate m(-3).
11
Let p(u) = -7*u - 13. Determine p(-17).
106
Let w(a) = 34*a + 180. What is w(-5)?
10
Let g(d) = -5*d**2 - 7*d - 3. Give g(3).
-69
Let w(h) = 2*h**2 + 3*h + 4. Calculate w(-2).
6
Let w(a) = -2*a**2 - 13*a + 3. Calculate w(-7).
-4
Let b(x) = x**3 + 24*x**2 + 20*x - 38. Give b(-23).
31
Let p(u) = -8*u - 14. Determine p(5).
-54
Let l(n) = -n**2 + 10*n + 46. Determine l(14).
-10
Let o(b) = -b**3 + 4*b**2 + 8*b - 5. Determine o(5).
10
Let n(p) = 2*p**2 - 7*p + 1. Calculate n(3).
-2
Let q(h) = h**2 - 12*h + 32. Determine q(3).
5
Let i(z) = 6*z - 2. Calculate i(0).
-2
Let p(f) = f**3 + 2*f**2 + f - 3. What is p(-5)?
-83
Let q(c) = -2*c - 8. Determine q(4).
-16
Let c(q) = -12*q**2 + q. Determine c(-1).
-13
Let f(w) = -15*w - 3. Give f(3).
-48
Let b(h) = -h**3 - 4*h**2 - 13. Calculate b(0).
-13
Let y(j) = j**3 - 4*j**2 - 9*j - 8. Determine y(-2).
-14
Let j(w) = w**3 - 2*w**2 + 4. What is j(0)?
4
Let a(r) = r**3 - 6*r**2 - 7*r - 9. Give a(7).
-9
Let p(h) = -7*h - 21. Determine p(-11).
56
Let x(y) = 2*y**2 + 49*y + 70. What is x(-23)?
1
Let w(r) = -r - 9. What is w(-9)?
0
Let v(a) = 18*a**2 + 27*a + 3. Determine v(-2).
21
Let u(w) = 3*w. Calculate u(1).
3
Let w(r) = 9*r + 80. Determine w(-9).
-1
Let a(u) = u**3 + 8*u**2 - 8*u + 10. Give a(-9).
1
Let x(j) = -211*j - 1467. Determine x(-7).
10
Let f(v) = v**2 - 3*v + 2. What is f(1)?
0
Let x(j) = -80*j + 1. What is x(1)?
-79
Let z(j) = 2*j + 7. Give z(6).
19
Let u(z) = -3*z + 22. What is u(-5)?
37
Let b(v) = 3*v**3 - 85*v**2 + 30*v - 41. Calculate b(28).
15
Let r(s) = s**2 + 7*s - 8. What is r(-4)?
-20
Let o(k) = -5*k - 1. Give o(1).
-6
Let i(d) = 3*d**2 + d + 2. What is i(-3)?
26
Let t(k) = k**3 + 5*k**2 - 26*k - 7. Calculate t(-8).
9
Let c(a) = -14*a + 27. What is c(-11)?
181
Let r(g) = -g**2 - 4*g - 10. Calculate r(-8).
-42
Let d(q) = -q**2 + q - 7. What is d(0)?
-7
Let w(t) = -t + 6. What is w(23)?
-17
Let o(w) = -w**3 + 7*w - 3. Calculate o(4).
-39
Let o(n) = n + 7. What is o(-9)?
-2
Let h(f) = 28*f**2. Determine h(1).
28
Let g(m) = -m**2 - 26*m - 82. Determine g(-22).
6
Let f(t) = -9*t**2 + 3*t - 7. What is f(2)?
-37
Let d(x) = 17*x**3 - 2*x**2 + 1. Determine d(-1).
-18
Let h(l) = -l**2 - 6*l + 4. What is h(-8)?
-12
Let v(b) = b**2 + 12*b + 31. Determine v(-9).
4
Let f(g) = 5*g - 9. Calculate f(6).
21
Let t(x) = -x**2 + 2. What is t(-5)?
-23
Let o(b) = -b**3 + 2*b**2 - b + 2. Calculate o(2).
0
Let t(n) = -n**3 - 7*n**2 - 2*n + 8. Give t(-6).
-16
Let p(d) = -d**2 - 5*d + 35. Calculate p(-9).
-1
Let u(t) = -t**2 - 18*t - 40. Determine u(-16).
-8
Let c(h) = h**3 + 20*h**2 + 35*h - 20. What is c(-18)?
-2
Let h(y) = y**2 + 17*y + 66. What is h(-13)?
14
Let w(n) = 11*n**3 + n**2 + 5*n + 9. Calculate w(-2).
-85
Let i(x) = -x**3 + 6*x**2 + 15*x + 12. Give i(8).
4
Let t(w) = w**2 - 3*w - 7. Determine t(0).
-7
Let t(m) = m**3 - 8*m**2 - 10*m + 8. Calculate t(9).
-1
Let j(n) = 8*n + 75. What is j(-12)?
-21
Let g(w) = -w**2 - 14*w - 15. What is g(-9)?
30
Let m(v) = -3*v**2 - 13*v + 15. Give m(-5).
5
Let s(y) = -y + 31. Give s(-7).
38
Let a(i) = -i**3 + 2*i**2 + 9*i + 2. Determine a(4).
6
Let r(b) = -b**3 - 4*b**2 + 4*b - 1. Give r(-4).
-17
Let m(u) = -u + 14. Calculate m(8).
6
Let o(q) = -q**3 + 9*q**2 - 19*q - 4. Calculate o(6).
-10
Let b(t) = -2*t**3 - 12*t**2 - 5*t - 2. Calculate b(-5).
-27
Let d(p) = p**3 + 5*p**2 - 10*p - 20. Determine d(-6).
4
Let a(j) = j**3 - j**2 + j - 7. What is a(0)?
-7
Let l(h) = h**3 - 2*h**2 + 4*h - 1. Calculate l(2).
7
Let f(j) = j**2 + 8*j + 10. Determine f(-7).
3
Let t(f) = f**2 - 38*f + 70. Calculate t(36).
-2
Let m(b) = -b**2 - 7*b - 2. Determine m(-7).
-2
Let b(l) = 9*l**3 - 3*l**2 + 4*l - 4. Determine b(2).
64
Let b(h) = 2*h - 14. Calculate b(17).
20
Let d(y) = 49*y + 160. Determine d(-4).
-36
Let b(x) = 6*x + 13. Calculate b(-7).
-29
Let y(b) = -b**2 - 4*b + 17. Give y(-6).
5
Let q(u) = 9*u + 12. Give q(4).
48
Let c(m) = -21*m - 2. What is c(-1)?
19
Let s(q) = -q**2 - 7*q - 10. Calculate s(-6).
-4
Let x(j) = 3*j + 35. Calculate x(-12).
-1
Let v(c) = c**3 + 4*c**2 - 7*c - 2. Calculate v(-5).
8
Let q(w) = w. Determine q(-1).
-1
Let y(m) = -4*m - 1. Determine y(1).
-5
Let h(x) = 24*x - 148. What is h(6)?
-4
Let x(n) = -n**2 - 7*n + 5. Determine x(-6).
11
Let g(w) = 18*w**3 - 2*w**2 + 1. Determine g(1).
17
Let t(z) = z**3 + 11*z**2 + 3*z - 8. What is t(-11)?
-41
Let a(r) = -3*r**3 - 3*r**2 - 2*r. What is a(-2)?
16
Let c(q) = q**2 - 13*q + 7. What is c(9)?
-29
Let j(k) = -3*k**2 + 77*k + 108. Give j(27).
0
Let u(m) = -m**3 - 21*m**2 - 33*m + 6. Calculate u(-19).
-89
Let r(d) = -d**2 - 4*d + 32. Calculate r(4).
0
Let b(j) = j + 24. What is b(-5)?
19
Let n(v) = -7*v + 16. Determine n(0).
16
Let n(t) = t**2 - 7*t - 9. What is n(-4)?
35
Let g(h) = -3*h**3 + 7*h**2 + 5*h + 2. What is g(3)?
-1
Let u(y) = -4*y - 31. Calculate u(5).
-51
Let p(r) = r**3 - 8*r**2 + 11*r - 16. Determine p(7).
12
Let r(i) = 4*i + 54. Calculate r(-11).
10
Let f(t) = 3*t**2 + 5*t. What is f(-2)?
2
Let n(c) = c**2 - 3*c - 11. What is n(0)?
-11
Let s(o) = o**3 - 7*o**2 + 12*o + 2. Give s(4).
2
Let r(n) = n**2 + 5*n - 5. What is r(-6)?
1
Let n(b) = -4*b + 6. Calculate n(0).
6
Let u(r) = -54*r**2 + 2*r. What is u(1)?
-52
Let y(r) = -r**3 + 6*r**2 - 5*r - 2. Determine y(4).
10
Let n(o) = -o + 32. What is n(43)?
-11
Let p(j) = j**2 + 3*j + 2. What is p(-9)?
56
Let h(s) = 4*s**2 - 2*s + 6. Give h(-4).
78
Let q(z) = 5*z + 37. Determine q(-7).
2
Let m(i) = -i**3 + 5*i**2 + 7*i - 2. Give m(6).
4
Let n(m) = -24*m**2 + 98*m - 11. What is n(4)?
-3
Let k(h) = h**2 - 23*h + 16. Give k(18).
-74
Let z(r) = 12*r + 78. What is z(-6)?
6
Let l(z) = -z**2 + 5*z. Give l(4).
4
Let v(h) = h + 7. Determine v(-13).
-6
Let s(i) = -i**3 + 11*i**2 - 6*i + 11. Determine s(10).
51
Let f(w) = w**2 + 13*w + 8. Give f(-11).
-14
Let i(x) = -x**2 + 21*x + 14. What is i(20)?
34
Let w(a) = -4*a - 14. Give w(-3).
-2
Let l(d) = 26*d**2 + 128*d + 1. What is l(-5)?
11
Let j(n) = -2*n - 56. What is j(-29)?
2
Let g(o) = -o**3 - 43*o**2 + 88*o - 88. What is g(-45)?
2
Let v(q) = -2*q**2 + 17*q - 14. Calculate v(6).
16
Let y(o) = -81*o**2 - o - 1. Determine y(-1).
-81
Let c(i) = -2*i + 4. Calculate c(9).
-14
Let r(s) = -7*s**3 - 4*s**2 - 6*s - 3. Calculate r(-1).
6
Let s(t) = -t**2 - 5*t - 2. What is s(-5)?
-2
Let o(n) = n**2 - 3*n - 1. Calculate o(-5).
39
Let y(a) = a**2 - a - 3. Calculate y(2).
-1
Let q(d) = 9*d + 10. Give q(-5).
-35
Let c(b) = b**3 - 8*b**2 + 9*b - 20. What is c(6)?
-38
Let a(q) = -10*q - 342. Calculate a(-37).
28
Let v(z) = -z**2 + 2*z + 223. Give v(16).
-1
Let a(v) = 4*v**3 + 2*v**2 - v + 1. Calculate a(-2).
-21
Let w(l) = l + 4. Calculate w(-3).
1
Let q(b) = 131*b. Calculate q(0).
0
Let f(p) = -5*p - 127. What is f(-28)?
13
Let g(o) = 14*o**2 - 729*o + 54. Calculate g(52).
2
Let t(r) = -3*r**3 + 2*r**2 + r + 4. Determine t(-2).
34
Let d(l) = l**3 - 4*l**2 - 5*l - 5. Determine d(5).
-5
Let t(y) = y**3 + 6*y**2 + 4*y + 5. Calculate t(-5).
10
Let c(y) = -y - 11. What is c(-5)?
-6
Let b(q) = 25*q + 221. Calculate b(-9).
-4
Let m(f) = f**3 + 11*f**2 + 11*f + 5. Calculate m(-10).
-5
Let y(h) = -3*h**2 - 2*h + 28. What is y(-4)?
-12
Let o(f)